s digit of b?
9
Let s(h) = -7*h**2 + 2*h + 1. Let x be s(2). Let z = x + 44. Let y = 40 - z. What is the tens digit of y?
1
Let p be (0 + 0)/(-3) + 272. Suppose 3*r - 7*r + p = 0. What is the tens digit of r?
6
Let n(g) = -g**3 - 8*g**2 + g - 12. Let q be n(-12). Let b = 852 - q. Suppose -2*i + 3*i = -5, b = 5*h + 5*i. What is the units digit of h?
5
Suppose 0 = 5*n - 7*n + 3*d + 1411, -4*n - 3*d + 2849 = 0. What is the hundreds digit of n?
7
Let d be ((-54)/(-15))/(12/30). Let s = 3 - d. What is the tens digit of (-16)/(-24) - 116/s?
2
Let x(i) = i**3 - 3*i**2 + 6*i. Let w be x(4). Suppose 306*h = 309*h + 36. Let k = w + h. What is the tens digit of k?
2
Let o(k) = -k - 1. Let d(q) = 88*q + 55. Let s(m) = -d(m) - 55*o(m). Let h be s(-1). Suppose 4*a - 3*b - 72 = h, 4*a - 87 = -3*b. What is the units digit of a?
4
Let u = 7 + -2. Suppose c - 2 = -2*y + 3*c, 0 = u*y - 2*c - 11. Suppose y*s = 5 + 25. What is the tens digit of s?
1
Suppose -6 = -f + 3. Let l be 4/3*(f + 27). Suppose 0 = -4*k + l + 28. What is the units digit of k?
9
Let k = -101 + 60. Let y(i) = -i**3 - 4*i**2 - 6*i + 5. Let s be y(-5). Let c = s + k. What is the units digit of c?
9
Suppose 0 = 34*g - 35*g + 4. Suppose 185 = 3*o - 2*k + g*k, 2*o = 5*k + 98. What is the tens digit of o?
5
What is the units digit of 7110/7 - (-4)/14?
6
Let y = -463 - -471. What is the units digit of y?
8
Let c be 2/4 - (-29)/2. Suppose -13*p - 58 = -c*p. What is the units digit of p?
9
Let r = -10 - -3. Let g(x) = -9*x - 1. What is the units digit of g(r)?
2
Let y be (-30)/((-4)/150*3). Suppose 14*k + y = 19*k. Suppose -4*c + b = -k, -2*b - 17 + 83 = 4*c. What is the units digit of c?
8
Let j(t) = 2*t**3 + 2*t**2 - 1. Let k be j(1). Let o = -577 + 577. Suppose o = -k*z - z + 80. What is the tens digit of z?
2
Let u(k) = -k**3 - 17*k**2 - 18. Let s be u(-17). What is the units digit of (3*(-20)/s)/(8/204)?
5
Let a = 130 - 70. Let p be (a/16)/3*12. Let j = 21 - p. What is the units digit of j?
6
Suppose -4*d + 3301 = 3*m + 1142, -4*d = -3*m - 2177. What is the hundreds digit of d?
5
Suppose 445*t = 450*t - 5810. What is the tens digit of t?
6
Let t be 1/(-2 + (-2 - -5)). Let z be (-1)/(t/(-10)*2). Suppose 7 = 4*g - z. What is the units digit of g?
3
Let w(g) = 92*g + 125. What is the units digit of w(6)?
7
Suppose -5 - 7 = 4*k. What is the units digit of (-16)/(-4*k/(-6))?
8
Suppose b + b = 0. Suppose -5*q - 2*y - 2 = b, -y + 0 = -q + 1. Suppose q*n = 4*n - 16. What is the units digit of n?
4
Let r(s) = 5*s - 20. Let c be r(5). Suppose -4*f = 3*d - 130, -c*f + 5*d + 168 = 6*d. What is the units digit of f?
4
Let n be (-1)/5 - (-16)/5. Let m = 4 + -2. What is the tens digit of 36*n*m/9?
2
Suppose -1654 = 5*q - 4344. What is the tens digit of q?
3
Let s = -23 + 5. Let y = 5 + s. Let q = y + 16. What is the units digit of q?
3
Suppose -1020 = -4*v - 144. Let y = -137 + v. What is the tens digit of y?
8
Let h(z) be the first derivative of -3*z**4 - 5*z**3/3 - z**2 + 4*z - 8. What is the tens digit of h(-2)?
8
Let f(a) = -2*a**2 - 31*a - 11. Let d be f(-15). Suppose 5*r + 2*p = 5 + 6, p = d*r - 14. What is the units digit of r?
3
What is the units digit of (-2 - 1716/(-14)) + 6/14?
1
Let f(q) = -4*q**3 + 9*q**2 + 4*q + 1. What is the units digit of f(-6)?
5
Let m(d) = -d**3 + 22*d**2 - 4*d + 42. What is the units digit of m(21)?
9
Suppose 4*s + s - 1465 = 0. Let q = s + -150. What is the units digit of q?
3
Suppose -1705 = 7*c - 6514. What is the tens digit of c?
8
Suppose 0 = -2*u + 2*q + 692, 25*q - 672 = -2*u + 23*q. What is the units digit of u?
1
Suppose 2*r - 4*k = -34, -5*r + k - 3*k - 25 = 0. Let u(h) = h**3 + 8*h**2 + 3*h - 6. What is the units digit of u(r)?
2
Suppose 0 = 5*n + 108 - 113. What is the tens digit of 209/6 - n/(-6)?
3
Let n be ((-2)/6)/(1/(-12)). Suppose -n*w - 4*h + h + 110 = 0, 4*w - 112 = -4*h. Let t = 19 + w. What is the tens digit of t?
4
Let g(t) be the first derivative of t**2/2 - t + 1. Let w(p) = -p - 22. Let j(a) = g(a) - w(a). What is the tens digit of j(0)?
2
What is the units digit of 4 + (-307)/((-5)/5) + -2?
9
Suppose a - 242 = -4*n + 25, -2*n + 5*a + 161 = 0. What is the tens digit of n?
6
Suppose -3*b + 131 = w, 3*w + 78 = 2*b - w. Suppose 4*q + 8 = 2*q, 2*q = -3*p + b. What is the units digit of p?
7
Let d = 262 - -511. What is the units digit of d?
3
Let m = -20 - -20. What is the units digit of (-4)/(-4)*m - -6?
6
Let u be ((-6)/(-18))/(3/99). What is the hundreds digit of -5*(-8)/40 - -28*u?
3
Let f be ((-16)/(-10))/(39/(-15) + 3). Suppose 607 = f*q - 429. What is the tens digit of q?
5
Suppose p = 2*v - 15, 3*p = 3*v + 2 - 32. Suppose v*h = -2*l - 0*h + 297, 3*l - 4*h - 480 = 0. What is the tens digit of l?
5
Suppose -4*j + 20 - 4 = 0. Let q = j - 11. Let u = q - -9. What is the units digit of u?
2
What is the units digit of ((-149121)/126)/(1/(-2))?
7
Suppose -2*r - 76 = -j - 4, -5*j + r + 405 = 0. What is the units digit of j + -2 - 2/1?
8
Suppose -3*b + 4*n = -52, 5*b - 3*n = b + 60. Suppose -4*v = -5*c + 19, 0 = -2*c - 5*v - 23 + 24. What is the units digit of 21 + c*(-8)/b?
9
Let x = 38 - 41. What is the hundreds digit of 0 - x - 3 - -151 - -3?
1
Suppose -2*f = -s + 275, 0 = 2*s + 3*f - 5*f - 546. Suppose -2*o + s = -69. What is the hundreds digit of o?
1
Suppose -3*i + 1 + 5 = 0. Suppose 8 = -4*a + 4*f, -3*a - i = -8*a + f. What is the units digit of a/(1 + 0) + 7?
8
What is the tens digit of -4 - 13012/(-16) - (-3)/(-12)?
0
Let f = -63 + 61. Let k(g) = -3*g**3 - g - 3. What is the units digit of k(f)?
3
Let d(z) = -171*z - 133. What is the hundreds digit of d(-5)?
7
Suppose -15*i = -13*i. Suppose 0 = -3*x - i*x + 231. What is the units digit of x?
7
Let i(n) = -34 + 2*n + 2 + 5*n. Let g be (-3)/(-7) + 570/42. What is the tens digit of i(g)?
6
Suppose -1 = -v + 3. Suppose v = -4*d - 3*m + 46, -5*d + 4*m = -37. Suppose -d*a + 46 = -7*a. What is the units digit of a?
3
Suppose -17*i = -32*i + 7530. What is the hundreds digit of i?
5
Suppose 0 = -4*z + y + 11698, 5*z - 5*y + 3873 = 18503. What is the units digit of z?
4
Suppose -28211 - 25267 = -18*m. What is the thousands digit of m?
2
Let s be -3*(-3 - 269/3). Let f = s - 126. What is the tens digit of (-6)/(-21) - f/(-7)?
2
Suppose 2 = -q - 2*o + 9, q + o = 5. Suppose -q*d + 4*x + 165 = 0, d - 3*d - 3*x = -93. What is the units digit of d?
1
Suppose -49 - 1 = -5*q. What is the units digit of 4/((-8)/q)*-9?
5
Let p(l) be the second derivative of -19*l**5/20 + l**4/6 + l**3/3 + l**2/2 - 17*l. What is the hundreds digit of p(-2)?
1
Suppose -3*r + 5 = 2*r. Let s be (24*-1)/(0 + r). What is the units digit of (-1 - -3)*-1 - s?
2
Let l(m) = -m**3 + 10*m**2 - 9*m. Let u be (-119)/(-14) + (-3)/(-6). Let v be l(u). Suppose 196 = 4*s - v*s. What is the tens digit of s?
4
Suppose 3*z - 727 - 266 = -3*l, 2*z + 1013 = 3*l. Let v = -185 + l. Suppose 3*h + v = 8*h. What is the tens digit of h?
3
Let m be 442/6 + 4/12. Let a = -18 + m. What is the units digit of a?
6
Suppose 48*k - 50*k = -2440. What is the hundreds digit of k?
2
Suppose f = 3*f - 22. Let g = -9 + f. Suppose 86 - g = 4*d. What is the tens digit of d?
2
Suppose -3*k + 26 - 8 = 0. Let z(s) = 3*s - 6. What is the units digit of z(k)?
2
Let t(z) = 8*z**3 + 3*z - 3. Let j be t(2). Suppose 7 = -f + j. What is the units digit of f?
0
Suppose 119*g - 115*g = 96. Suppose -2*s - s = -2*t - g, 0 = 4*s + 2*t - 18. What is the units digit of s?
6
What is the hundreds digit of ((-21)/(-6))/7*(1 - -297)?
1
Let f(c) = -2*c**3 - 7*c**2 + c + 16. Let y be f(-6). Let g = -106 - y. What is the units digit of g/32*(-8)/2?
7
Suppose -8*y = -9*y - 3*s + 106, 5*s = -2*y + 217. What is the tens digit of y?
2
Let j = 56 - 56. Suppose 6*b - 42 - 60 = j. What is the units digit of b?
7
Let y(l) = 23*l**3 + 9*l**2 - l - 8. What is the units digit of y(4)?
4
Suppose -16*v = -20*v + 2140. What is the hundreds digit of v?
5
Let z be 30/(-60)*(-28 + (-4)/(-2)). Suppose -24*m + 814 = -z*m. What is the tens digit of m?
7
Let c = 1783 + -1031. What is the units digit of c?
2
Suppose 0*i = -i + 111. Suppose i = 3*w - 69. Suppose 0 = g - 4*g + w. What is the units digit of g?
0
Suppose 11948 = 19*g - 15*g. What is the units digit of g?
7
Let p be (2/8 - (-3180)/144)*3. Suppose 3*o - 90